NOAA-style Climate Reports

Select a Year or Month report

Report for 2019 Aug
                   Monthly Climatological Summary for Aug 2019

Name: NCI Rossall Point   City: Fleetwood   State: Lancashire. uk
Elevation: 17 m  Lat: N 53 55' 33"   Lon: W 003 02' 07"

                  Temperature (C), Rain (mm), Wind Speed (kts)

                                      Heat  Cool        Avg
    Mean                              Deg   Deg         Wind                 Dom
Day Temp  High   Time   Low    Time   Days  Days  Rain  Speed High   Time    Dir
----------------------------------------------------------------------------------
 1  17.5  18.9   21:19  15.2   05:42   0.9   0.1   0.0   8.7  21.7   19:33    NW
 2  18.4  20.6   20:47  15.8   05:40   0.5   0.7   0.0   8.5  17.4   08:20   ENE
 3  20.6  24.6   14:08  17.8   06:24   0.0   2.3   0.0   7.4  20.9   09:03   SSE
 4  18.6  23.0   11:30  16.1   06:53   0.6   0.9   2.8   9.0  24.3   06:11   SSW
 5  17.9  19.3   17:58  16.2   06:58   0.5   0.1   0.0  18.3  33.9   01:34    SW
 6  17.5  19.5   14:25  15.9   08:13   0.9   0.1   2.4  21.5  34.8   18:14   WSW
 7  17.2  18.3   19:52  16.3   10:01   1.1   0.0   0.0  13.9  26.1   20:35     W
 8  17.0  17.6   10:30  16.9   11:10   1.3   0.0   0.0   6.6  10.4   10:34   WNW
 9  18.9  23.4   13:37  16.8   03:45   0.4   1.1  10.8  14.6  39.1   07:59     S
10  16.9  18.6   14:21  15.2   05:28   1.4   0.0   7.8  27.3  48.7   18:30   WSW
11  15.1  16.2   15:16  14.1   08:55   3.2   0.0   0.0  20.4  34.8   16:56   WNW
12  14.7  15.9   19:40  12.1   06:14   3.6   0.0   0.6  11.3  25.2   20:34   WNW
13  14.7  16.3   20:32  12.7   04:39   3.6   0.0   3.2  12.0  20.9   13:02    SW
14  16.7  17.9   21:11  14.3   10:00   1.6   0.0   4.6  18.7  39.1   05:34   WSW
15  15.8  17.7   22:05  14.5   05:12   2.5   0.0   1.0  15.6  37.4   10:08   WSW
16  16.8  18.8   20:56  15.2   10:00   1.5   0.0   3.0  21.1  38.3   21:56   SSW
----------------------------------------------------------------------------------
    17.1  24.6     3    12.1    12    23.6   5.3  36.2  14.7  48.7    10     WSW

Max >=  27.0:  0
Max <=   0.0:  0
Min <=   0.0:  0
Min <= -18.0:  0
Max Rain: 10.8 on day 9
Days of Rain: 9 (>= 0.2 mm)  7 (>= 2.0 mm)  0 (>= 20.0 mm)
Heat Base: 18.3  Cool Base: 18.3  Method: Integration