NOAA-style Climate Reports

Select a Year or Month report
V/Λ2017 > Jan Feb Mar Apr May Jun Jul Aug Sep Oct Nov Dec
V/Λ2016 > Jan Feb Mar Apr May Jun Jul Aug Sep Oct Nov Dec

Report for 2017 Oct
                   Monthly Climatological Summary for Oct 2017

Name: NCI Rossall Point   City: Fleetwood   State: Lancashire. uk
Elevation: 17 m  Lat: N 53 55' 33"   Lon: W 003 02' 07"

                  Temperature (C), Rain (mm), Wind Speed (kts)

                                      Heat  Cool        Avg
    Mean                              Deg   Deg         Wind                 Dom
Day Temp  High   Time   Low    Time   Days  Days  Rain  Speed High   Time    Dir
----------------------------------------------------------------------------------
 1  15.3  17.6   13:08  13.3   08:21   3.0   0.0   1.2  27.2  49.6   03:34    SW
 2  13.5  14.4   15:09  11.8   09:51   4.8   0.0   0.0  30.4  45.2   10:42     W
 3  13.1  13.5   17:49  11.8   11:48   5.2   0.0   0.0  25.5  38.3   04:32     W
 4  13.2  15.7   02:11  11.1   05:00   5.0   0.0   3.6  28.8  48.7   03:13   WSW
 5  12.5  13.4   16:22  10.8   07:58   5.8   0.0   0.0  21.7  37.4   12:33   WNW
 6  13.2  14.4   06:08  11.4   10:06   5.1   0.0   0.8  17.4  33.0   22:45   WSW
 7  13.6  14.1   15:58  12.9   05:39   4.7   0.0   0.0  16.6  28.7   11:30   WNW
 8  13.7  14.1   14:55  13.1   06:23   4.6   0.0   0.4   6.8  13.0   10:06   WSW
 9  14.1  14.7   05:19  13.1   15:31   4.2   0.0   1.2  16.1  32.2   05:13    SW
10  14.6  15.3   06:16  13.9   12:08   3.7   0.0   2.4  21.4  40.9   05:37    SW
11  13.5  15.0   10:00  12.6   15:44   4.8   0.0   5.2  25.8  43.5   11:49   WSW
12  14.6  16.9   05:18  13.2   10:01   3.7   0.0   0.2  16.1  30.4   03:34     S
13  15.8  16.8   10:00  15.1   03:57   2.5   0.0   0.2  19.6  34.8   15:40    SW
14  14.7  16.2   15:15  12.8   05:18   3.6   0.0   0.0  12.5  33.9   13:28     S
15  14.9  15.9   15:50  13.8   06:46   3.4   0.0   0.2  10.3  21.7   16:05   SSE
16  15.3  21.0   14:41  12.9   08:47   3.2   0.21147.8  31.8  60.0   19:00   SSW
17  12.3  13.7   19:36   8.8   07:40   6.0   0.0 154.0  15.1  41.7   10:26   WSW
18  12.5  14.7   12:19  10.9   07:53   5.8   0.0   4.4  10.0  21.7   00:16    SE
19  13.3  14.7   14:13  11.8   10:00   5.0   0.0   5.8  10.5  26.1   09:12    SE
20  12.3  13.6   10:00  10.6   21:42   6.0   0.0   1.2  16.3  38.3   09:24   SSE
21  12.5  13.9   16:19  10.9   07:00   5.8   0.0   4.4  33.8  51.3   06:43   WSW
----------------------------------------------------------------------------------
    13.7  21.0    16     8.8    17    95.9   0.21333.0  19.7  60.0    16      SW

Max >=  27.0:  0
Max <=   0.0:  0
Min <=   0.0:  0
Min <= -18.0:  0
Max Rain: 1147.8 on day 16
Days of Rain: 16 (>= 0.2 mm)  8 (>= 2.0 mm)  2 (>= 20.0 mm)
Heat Base: 18.3  Cool Base: 18.3  Method: Integration