NOAA-style Climate Reports

Select a Year or Month report
V/Λ2018 > Jan Feb Mar Apr May Jun Jul Aug Sep Oct Nov Dec
V/Λ2017 > Jan Feb Mar Apr May Jun Jul Aug Sep Oct Nov Dec
V/Λ2016 > Jan Feb Mar Apr May Jun Jul Aug Sep Oct Nov Dec

Report for 2018 Jul
                   Monthly Climatological Summary for Jul 2018

Name: NCI Rossall Point   City: Fleetwood   State: Lancashire. uk
Elevation: 17 m  Lat: N 53 55' 33"   Lon: W 003 02' 07"

                  Temperature (C), Rain (mm), Wind Speed (kts)

                                      Heat  Cool        Avg
    Mean                              Deg   Deg         Wind                 Dom
Day Temp  High   Time   Low    Time   Days  Days  Rain  Speed High   Time    Dir
----------------------------------------------------------------------------------
 1  19.7  23.7   21:03  16.8   06:15   0.2   1.6   0.0   9.1  18.3   19:21     N
 2  19.9  26.2   14:03  14.7   05:22   1.1   2.7   0.0  13.7  26.1   10:21   ENE
 3  17.5  23.3   20:23  12.6   05:44   1.6   0.8   0.0  10.2  21.7   21:07   ENE
 4  17.7  19.8   10:40  16.7   05:31   0.7   0.1   0.0   6.4  12.2   11:43   WNW
 5  16.7  17.4   12:50  15.4   07:45   1.6   0.0   0.0  12.3  25.2   14:28   WNW
 6  13.3  18.1   22:03 -67.8   23:28   5.0   0.0   0.0   6.6  13.0   17:50   WNW
 7  18.1  18.8   09:26  16.9   10:00   0.3   0.1   0.0   6.3  12.2   13:28   WNW
 8  18.8  20.1   15:38  17.4   09:08   0.1   0.6   0.0   9.6  18.3   21:22   WNW
 9  16.8  19.1   12:51  14.7   04:50   1.6   0.0   0.0  10.6  24.3   14:17   WNW
10  16.5  19.4   21:51  12.8   05:07   1.9   0.0   0.0   8.6  19.1   17:30   NNW
11  17.0  18.6   17:04  15.7   10:01   1.3   0.0   0.0   9.9  20.9   17:29    NW
12  17.6  20.2   12:01  15.8   09:34   0.8   0.1   1.4   7.4  15.7   08:10     S
13  16.9  18.8   13:12  15.8   01:30   1.4   0.0   0.0   6.8  14.8   10:14   WSW
14  17.7  20.0   18:47  14.4   05:29   0.8   0.3   0.0   6.2  15.7   00:32    SW
15  18.8  20.9   13:59  15.8   09:55   0.5   1.0   0.4   7.8  19.1   03:08    SW
16  15.6  16.4   09:56  14.8   19:50   2.7   0.0   6.0   8.8  22.6   23:56     W
17  15.3  18.6   09:59  12.1   03:55   3.0   0.0   0.0   8.2  14.8   13:55    SW
18  17.5  19.8   12:31  16.3   04:19   0.9   0.1   0.0   5.0  13.0   13:31     W
19  16.2  17.9   18:53  13.1   03:44   2.1   0.0   0.0   6.4  17.4   08:29   WSW
----------------------------------------------------------------------------------
    17.2  26.2     2   -67.8     6    27.6   7.4   7.8   8.4  26.1     2     WNW

Max >=  27.0:  0
Max <=   0.0:  0
Min <=   0.0:  1
Min <= -18.0:  1
Max Rain: 6.0 on day 16
Days of Rain: 3 (>= 0.2 mm)  1 (>= 2.0 mm)  0 (>= 20.0 mm)
Heat Base: 18.3  Cool Base: 18.3  Method: Integration