NOAA-style Climate Reports

Select a Year or Month report

Report for 2018 Nov
                   Monthly Climatological Summary for Nov 2018

Name: NCI Rossall Point   City: Fleetwood   State: Lancashire. uk
Elevation: 17 m  Lat: N 53 55' 33"   Lon: W 003 02' 07"

                  Temperature (C), Rain (mm), Wind Speed (kts)

                                      Heat  Cool        Avg
    Mean                              Deg   Deg         Wind                 Dom
Day Temp  High   Time   Low    Time   Days  Days  Rain  Speed High   Time    Dir
----------------------------------------------------------------------------------
 1   9.4  10.2   06:49   7.2   01:12   8.9   0.0   1.0  14.9  33.0   01:09   WNW
 2   9.9  11.5   08:59   8.3   00:55   8.4   0.0   0.2  13.7  30.4   02:37     S
 3  12.4  13.3   10:46  11.1   07:17   5.9   0.0   0.6  18.4  36.5   18:05   SSE
 4  11.7  14.2   13:54   9.3   06:26   6.6   0.0   0.4   9.1  20.9   09:29    SE
 5  11.4  12.5   02:27   9.8   09:00   6.9   0.0   0.0  10.1  26.1   08:48    SE
 6  13.8  15.7   14:33  11.9   09:00   4.5   0.0   0.6  17.6  35.7   18:35    SE
 7  10.6  14.6   10:23   7.4   04:13   7.7   0.0   2.8  14.3  34.8   10:06   SSW
 8  10.2  12.1   17:02   8.0   09:00   8.1   0.0   1.2  16.0  33.0   19:24    SE
 9  10.7  12.6   15:07   8.2   07:05   7.6   0.0   2.8  18.5  42.6   20:15   SSE
10   9.5  11.8   14:57   7.5   05:01   8.8   0.0   0.4  11.9  24.3   14:44   SSE
11   9.5  11.6   14:09   8.3   09:00   8.8   0.0   1.6  15.4  27.8   20:19   SSE
12  11.0  12.7   13:13   9.2   22:33   7.3   0.0   2.6  20.2  34.8   03:07   SSW
----------------------------------------------------------------------------------
    10.8  15.7     6     7.2     1    89.5   0.0  14.2  15.0  42.6     9     SSE

Max >=  27.0:  0
Max <=   0.0:  0
Min <=   0.0:  0
Min <= -18.0:  0
Max Rain: 2.8 on day 7
Days of Rain: 11 (>= 0.2 mm)  3 (>= 2.0 mm)  0 (>= 20.0 mm)
Heat Base: 18.3  Cool Base: 18.3  Method: Integration