NOAA-style Climate Reports

Select a Year or Month report
V/Λ2017 > Jan Feb Mar Apr May Jun Jul Aug Sep Oct Nov Dec
V/Λ2016 > Jan Feb Mar Apr May Jun Jul Aug Sep Oct Nov Dec

Report for 2017 May
                   Monthly Climatological Summary for May 2017

Name: NCI Rossall Point   City: Fleetwood   State: Lancashire. uk
Elevation: 17 m  Lat: N 53 55' 33"   Lon: W 003 02' 07"

                  Temperature (C), Rain (mm), Wind Speed (kts)

                                      Heat  Cool        Avg
    Mean                              Deg   Deg         Wind                 Dom
Day Temp  High   Time   Low    Time   Days  Days  Rain  Speed High   Time    Dir
----------------------------------------------------------------------------------
 1  11.8  17.0   12:38   8.3   02:22   6.5   0.0   0.0   9.9  22.6   14:10   ENE
 2  10.6  14.6   17:40   7.7   05:37   7.7   0.0   0.0  14.3  26.1   05:24    NE
 3  11.9  16.3   13:38   8.9   03:32   6.4   0.0   0.0  20.2  43.5   14:26    NE
 4  11.3  17.1   12:56   7.1   04:04   7.0   0.0   0.0  21.4  40.9   12:32   ENE
 5  11.5  16.8   16:13   6.7   04:58   6.8   0.0   0.0  18.5  36.5   12:33   ENE
 6  10.8  13.8   13:49   7.3   05:27   7.5   0.0   0.0  11.2  29.6   14:16    NE
 7  10.3  14.9   17:29   7.1   05:40   8.0   0.0   0.0  12.3  23.5   03:56   NNE
 8   9.0  14.0   17:55   5.4   05:37   9.3   0.0   0.0   9.2  22.6   17:31    NE
 9   8.2  11.2   08:59   4.4   05:29  10.1   0.0   0.0   6.0  13.9   15:38    NW
10  10.7  14.8   09:50   8.2   03:03   7.5   0.0   0.0   6.6  19.1   09:09   NNE
11  15.4  21.3   15:28  11.1   03:04   3.4   0.4   0.0   9.9  26.1   22:55   ESE
12  13.2  17.6   10:40  11.0   06:51   5.1   0.0   4.0  10.3  31.3   08:37   SSE
13  13.1  15.3   20:22  11.3   03:46   5.2   0.0   1.6  13.0  27.0   10:05   SSW
14  12.2  14.3   15:46  10.1   02:19   6.1   0.0   2.4  10.9  33.9   09:59     S
15  15.3  16.2   19:12  11.6   10:00   2.9   0.0   9.2  15.3  36.5   10:56   SSE
16  13.8  17.2   11:43  12.0   04:51   4.5   0.0   0.0  11.7  25.2   12:03   SSW
17  11.6  12.6   10:30  11.0   23:38   6.7   0.0   0.0   8.8  17.4   10:47   WSW
18  11.6  12.4   19:22  10.9   08:56   6.7   0.0   0.0   5.1  13.0   10:12   WNW
19  11.7  12.4   14:04  11.2   04:14   6.6   0.0   0.0   8.5  19.1   07:47   WSW
20  11.7  13.2   17:26   8.9   05:47   6.6   0.0   0.4  13.5  27.8   00:26   SSW
21  14.4  17.4   19:58  11.8   05:41   3.9   0.0   0.0   9.0  24.3   08:38   SSE
----------------------------------------------------------------------------------
    11.9  21.3    11     4.4     9   134.5   0.4  17.6  11.7  43.5     3       E

Max >=  27.0:  0
Max <=   0.0:  0
Min <=   0.0:  0
Min <= -18.0:  0
Max Rain: 9.2 on day 15
Days of Rain: 5 (>= 0.2 mm)  3 (>= 2.0 mm)  0 (>= 20.0 mm)
Heat Base: 18.3  Cool Base: 18.3  Method: Integration