NOAA-style Climate Reports

Select a Year or Month report

Report for 2017 Dec
                   Monthly Climatological Summary for Dec 2017

Name: NCI Rossall Point   City: Fleetwood   State: Lancashire. uk
Elevation: 17 m  Lat: N 53 55' 33"   Lon: W 003 02' 07"

                  Temperature (C), Rain (mm), Wind Speed (kts)

                                      Heat  Cool        Avg
    Mean                              Deg   Deg         Wind                 Dom
Day Temp  High   Time   Low    Time   Days  Days  Rain  Speed High   Time    Dir
----------------------------------------------------------------------------------
 1   5.8   7.2   08:59   3.6   04:26  12.5   0.0   0.0   7.7  20.9   09:01   NNW
 2   8.9   9.7   22:48   6.4   09:13   9.4   0.0   0.2  11.6  22.6   06:28   WNW
 3   8.5   9.4   09:00   7.7   03:27   9.8   0.0   0.4   9.3  18.3   15:02    NW
 4   8.9   9.4   21:01   8.2   07:34   9.4   0.0   0.0  14.0  25.2   07:29     W
 5   9.0  10.4   02:37   8.0   11:14   9.3   0.0   0.0  16.1  27.0   23:33   WSW
 6  10.8  12.5   00:22   8.7   05:56   7.5   0.0   2.4  23.3  41.7   23:42   SSW
 7   6.3   9.1   10:37 -67.8   03:49  12.0   0.0   0.0  30.6  47.0   14:00   WNW
 8   4.7   5.6   01:31   3.4   08:13  13.6   0.0   0.6  22.8  38.3   10:40    NW
 9   2.6   5.4   12:40   1.1   02:20  15.7   0.0   2.2  10.3  25.2   09:45     N
10   1.6   2.9   14:54   0.1   02:15  16.7   0.0   0.0  13.8  25.2   10:38    NE
11   2.0   4.6   21:44  -1.9   08:09  16.3   0.0   0.0   7.1  16.5   15:57    NE
12   5.0   8.3   00:26  -1.8   09:00  13.3   0.0   3.0  15.9  36.5   07:42   SSW
13   6.5   8.3   09:54   4.7   20:23  11.8   0.0   1.6  26.5  41.7   11:00     W
14   5.6   7.2   11:08 -67.8   19:13  12.7   0.0   8.8  20.5  41.7   14:48   WNW
15   5.3   6.6   12:41   4.0   08:54  12.9   0.0   0.2  13.2  22.6   19:28   NNW
16   3.0   5.7   13:22  -0.4   00:23  15.3   0.0   1.8   6.6  19.1   08:26    SE
17   7.5   9.1   14:40   3.7   08:49  10.8   0.0   1.6  11.6  31.3   17:43     W
----------------------------------------------------------------------------------
     6.0  12.5     6   -67.8     7   209.0   0.0  22.8  15.4  47.0     7       W

Max >=  27.0:  0
Max <=   0.0:  0
Min <=   0.0:  5
Min <= -18.0:  2
Max Rain: 8.8 on day 14
Days of Rain: 11 (>= 0.2 mm)  4 (>= 2.0 mm)  0 (>= 20.0 mm)
Heat Base: 18.3  Cool Base: 18.3  Method: Integration