NOAA-style Climate Reports

Select a Year or Month report
V/Λ2019 > Jan Feb Mar Apr May Jun Jul Aug Sep Oct Nov Dec
V/Λ2018 > Jan Feb Mar Apr May Jun Jul Aug Sep Oct Nov Dec
V/Λ2017 > Jan Feb Mar Apr May Jun Jul Aug Sep Oct Nov Dec
V/Λ2016 > Jan Feb Mar Apr May Jun Jul Aug Sep Oct Nov Dec

Report for 2019 May
                   Monthly Climatological Summary for May 2019

Name: NCI Rossall Point   City: Fleetwood   State: Lancashire. uk
Elevation: 17 m  Lat: N 53 55' 33"   Lon: W 003 02' 07"

                  Temperature (C), Rain (mm), Wind Speed (kts)

                                      Heat  Cool        Avg
    Mean                              Deg   Deg         Wind                 Dom
Day Temp  High   Time   Low    Time   Days  Days  Rain  Speed High   Time    Dir
----------------------------------------------------------------------------------
 1  10.9  12.8   16:04  10.1   06:48   7.4   0.0   0.4   8.5  17.4   22:29     W
 2   9.8  11.6   17:01   7.3   06:03   8.5   0.0   1.0  10.7  19.1   16:30    NW
 3   7.8  10.1   19:13   5.3   05:44  10.5   0.0   0.4  13.6  27.8   08:25   NNE
 4   8.5  10.4   19:23   6.4   03:16   9.8   0.0   0.0  11.0  29.6   14:45   NNW
 5   9.0   9.9   17:11   7.8   06:30   9.3   0.0   0.0  15.3  27.0   17:08    NW
 6   8.6  10.7   09:57   6.3   06:51   9.7   0.0   2.6   8.7  18.3   12:52     W
 7   9.6  11.8   19:39   8.3   05:45   8.7   0.0   0.0  10.7  27.8   09:05     E
 8   9.1  10.1   14:22   7.4   09:26   9.2   0.0   1.4  18.2  31.3   12:40   ENE
 9   7.5   9.7   14:03   5.9   06:35  10.8   0.0   1.4   9.4  23.5   12:13   ENE
10   9.4  11.9   12:52   6.4   05:42   8.9   0.0   0.4   6.2  18.3   11:04   ESE
11  10.1  11.0   18:08   7.4   06:50   8.2   0.0   0.2  13.2  24.3   20:44    NW
12  10.4  13.6   08:56   7.3   03:49   7.9   0.0   0.0   6.1  16.5   05:45     S
13  13.0  16.4   09:56  10.0   05:49   5.3   0.0   0.0   7.4  14.8   07:48   ESE
14  15.1  21.0   14:18  10.8   05:31   3.4   0.2   0.0   7.6  18.3   13:46    SE
15  14.3  19.7   12:05   8.8   05:25   4.1   0.0   0.0   8.1  21.7   08:09   ESE
16  14.0  18.6   15:41   9.9   06:26   4.3   0.0   1.8  14.0  28.7   10:57     E
17  14.0  19.3   16:41  11.2   06:22   4.3   0.0   0.0  13.1  24.3   16:42    NE
18  11.9  14.2   10:36  10.9   22:36   6.4   0.0   0.0   7.2  13.0   08:33     W
19  12.0  12.7   15:40  11.3   10:21   6.3   0.0   0.0   9.5  14.8   05:59   WNW
20  12.0  13.0   21:40  11.1   06:48   6.3   0.0   0.0  13.5  21.7   05:58   WNW
21  11.9  12.9   18:42  10.2   05:42   6.4   0.0   0.0   9.6  18.3   21:14     W
----------------------------------------------------------------------------------
    10.9  21.0    14     5.3     3   155.7   0.2   9.6  10.6  31.3     8       N

Max >=  27.0:  0
Max <=   0.0:  0
Min <=   0.0:  0
Min <= -18.0:  0
Max Rain: 2.6 on day 6
Days of Rain: 9 (>= 0.2 mm)  1 (>= 2.0 mm)  0 (>= 20.0 mm)
Heat Base: 18.3  Cool Base: 18.3  Method: Integration