NOAA-style Climate Reports

Select a Year or Month report
V/Λ2017 > Jan Feb Mar Apr May Jun Jul Aug Sep Oct Nov Dec
V/Λ2016 > Jan Feb Mar Apr May Jun Jul Aug Sep Oct Nov Dec

Report for 2017 Jun
                   Monthly Climatological Summary for Jun 2017

Name: NCI Rossall Point   City: Fleetwood   State: Lancashire. uk
Elevation: 17 m  Lat: N 53 55' 33"   Lon: W 003 02' 07"

                  Temperature (C), Rain (mm), Wind Speed (kts)

                                      Heat  Cool        Avg
    Mean                              Deg   Deg         Wind                 Dom
Day Temp  High   Time   Low    Time   Days  Days  Rain  Speed High   Time    Dir
----------------------------------------------------------------------------------
 1  15.6  19.2   14:12  12.7   06:13   2.7   0.0   2.4   7.6  18.3   10:15   WSW
 2  14.0  14.9   19:09  11.0   05:31   4.3   0.0   0.0   5.3  15.7   09:57     W
 3  14.2  15.9   17:06  13.0   06:46   4.1   0.0   0.0  14.5  26.1   18:10   WSW
 4  13.1  14.9   16:29  10.4   05:17   5.2   0.0   6.6  15.3  32.2   06:47    SW
 5  13.1  14.9   15:53  11.3   04:40   5.2   0.0  19.4  18.3  47.8   08:05    SW
 6  12.8  13.5   17:45  11.9   08:46   5.5   0.0   0.0  37.0  49.6   16:38   WNW
 7  13.4  14.3   16:22  11.6   22:06   4.9   0.0   6.4  16.3  30.4   10:45    SW
 8  14.7  16.7   13:09  13.2   06:53   3.6   0.0   0.4  19.6  36.5   12:21    SW
 9  14.0  15.5   18:30  12.4   05:35   4.3   0.0   6.8  12.8  30.4   09:30   SSW
10  15.9  18.1   16:39  13.7   10:00   2.4   0.0   5.2  16.9  31.3   07:36   SSW
11  14.6  16.4   12:14  13.5   07:09   3.7   0.0   0.0  27.5  42.6   19:34    SW
12  14.3  15.2   18:10  13.7   10:02   4.0   0.0   0.0  18.4  33.0   11:13   WSW
13  14.5  17.6   09:59  12.0   05:14   3.8   0.0   0.0   7.9  20.9   11:58    SW
14  16.9  21.4   13:58  14.1   01:56   1.8   0.4   0.0   8.4  30.4   09:52    SW
15  15.0  16.7   15:29  13.8   06:03   3.3   0.0   0.0  21.3  33.9   20:33   WSW
16  15.9  16.7   19:46  14.3   10:00   2.4   0.0   0.0  13.0  24.3   21:20   WSW
17  16.7  18.2   15:02  14.3   05:38   1.6   0.0   0.0   3.5  12.2   11:26   WNW
18  17.3  19.2   20:22  13.9   05:18   1.1   0.0   0.0   3.1   9.6   12:38    NW
19  18.0  20.4   12:37  16.4   05:33   0.6   0.3   0.0   8.8  20.0   22:19    NW
20  18.9  24.3   15:41  15.3   05:06   1.0   1.6   0.2   9.7  25.2   00:49   ESE
21  19.5  27.6   16:29  14.7   08:28   1.1   2.3   1.0  12.1  27.0   02:21   WSW
22  15.3  16.1   22:23  14.0   07:53   3.0   0.0   3.6  17.5  38.3   09:38   WSW
23  15.4  16.6   14:20  14.1   06:14   2.9   0.0   0.2  20.9  36.5   10:42   WSW
24  14.8  16.3   15:50  12.4   06:34   3.5   0.0   0.2  17.4  32.2   16:35   WSW
25  14.0  14.8   17:56  12.8   05:56   4.3   0.0   0.0  12.2  22.6   16:53    NW
26  14.0  15.9   20:00  12.0   04:18   4.3   0.0  10.0   7.9  27.8   09:17     E
27  14.8  17.9   14:47  12.2   10:00   3.5   0.0   0.2  13.3  26.1   12:03     E
----------------------------------------------------------------------------------
    15.2  27.6    21    10.4     4    88.1   4.6  62.6  14.3  49.6     6     WSW

Max >=  27.0:  1
Max <=   0.0:  0
Min <=   0.0:  0
Min <= -18.0:  0
Max Rain: 19.4 on day 5
Days of Rain: 14 (>= 0.2 mm)  8 (>= 2.0 mm)  0 (>= 20.0 mm)
Heat Base: 18.3  Cool Base: 18.3  Method: Integration